s(-1).
10
Let v(o) = -o**3 - 4*o**2 + 4*o + 4. Let p(h) = -294*h - h**2 - 43 + 158*h + 157*h. Let s be p(19). What is v(s)?
9
Let a(o) = 3*o**3 - o**2 + o - 2. Let u(g) = 11*g + 82. Let y be u(-7). Let l be (-4)/(-12) - y/(-3). Calculate a(l).
20
Suppose -228*d + 16 = -224*d. Let y(s) = -s**3 - 16*s**2 + 79*s - 1. Calculate y(d).
-5
Let a(h) = -2*h - 4. Let w be a(-3). Let v(c) = 3 - c**w - 1 - 10*c - 15. Suppose 125*b - 23 = 127*b - m, -4*m + 11 = b. Give v(b).
-4
Let k(g) = 16*g**2 + 35*g - 64. Let p(b) = -11*b**2 - 26*b + 63. Let u(m) = -2*k(m) - 3*p(m). Determine u(5).
4
Let d be 6/(-4)*4*1/(-2). Let o(v) = 2 + 2*v**2 - d*v**2 - 6*v + 4 + 3. Give o(-8).
-7
Let j = -74 - -71. Let a(o) = 7*o + 2. Let t(n) = 5*n + 1. Let z(m) = j*a(m) + 4*t(m). Determine z(-3).
1
Let c(i) = i - 23. Suppose -5 = 4*f + 3. Let v be (9 - 9)/((8/f)/2). Calculate c(v).
-23
Let f(a) = -a**3 + 12*a**2 + 14*a - 15. Let s = -225 + 238. Give f(s).
-2
Let d(n) = 20*n - 5. Let z(g) = 20*g - 8. Let o(j) = -3*d(j) + 2*z(j). Let x = -28 - -27. Determine o(x).
19
Let w(p) = 9*p**2 - 2*p - 1. Suppose -56 = -4*r + 4*m, -m = -4*r + 24 + 41. Suppose 8 - r = 9*y. Calculate w(y).
10
Suppose -w = 2*l - 98, 5*w - 282 = 5*l + 283. Let x(t) = w*t - 4 - 47*t - t**2 - 55*t. Let n(f) = f + 32. Let b be n(-28). Give x(b).
4
Let c(v) = 2*v - 6. Let n = 5025 - 5020. Determine c(n).
4
Let l = 22469 + -674069/30. Let a(j) be the third derivative of -1/8*j**4 + 0 + 1/60*j**6 + 1/2*j**3 - 22*j**2 - l*j**5 + 0*j. What is a(2)?
5
Let z(m) = 0 + 4 - 3 - 7*m. Let s be ((-12964)/20)/(-7) - 6/10. Suppose -s*x = -87*x - 15. Determine z(x).
-20
Let y(c) = -c**2 - c + 3. Let u(d) = 7*d**2 + 9*d - 14. Let p(r) = -u(r) - 6*y(r). Let w = -36 + 32. What is p(w)?
-8
Let k = 1358 + -1362. Let r(s) = -3*s**2 + s. What is r(k)?
-52
Let n(m) = 3*m**2 - 2*m + 1. Let w(o) = 16*o**2 - 2*o - 40. Let i(c) = -5*n(c) + w(c). What is i(-13)?
20
Suppose -18*m + 14*m - 1064 = -4*a, 4*m = 5*a - 1335. Suppose 2*d = -a + 273. Let b(w) = -14*w**3 + 1. Give b(d).
-13
Let s(c) = -9 - 15*c - 13*c + 26*c - 5*c. Give s(8).
-65
Suppose 1 + 0 = 2*x + 3*q, -13 = -5*x - 4*q. Let k(n) = -7*n**2 + 9*n - 1. Let s(z) = 3*z**2 - 5*z. Let g(c) = x*s(c) + 2*k(c). Determine g(7).
-2
Let b(s) = -8*s**3 + 13*s**3 - 2 + 5*s**2 + 5*s - 4*s**3 - 4. Let u(l) = -2*l**2 + l - 1. Let h(w) = b(w) - u(w). What is h(-5)?
25
Let j = 25 - 20. Suppose -5 = 5*g + j. Let t(p) be the third derivative of -p**4/24 + p**3/3 - 2*p**2 + 13*p. Give t(g).
4
Let o(d) = -16*d**2 - 2*d. Let w be (-6)/(-5) - 1152/(-240). Suppose -w = -4*p + 15*h - 20*h, -h + 6 = -4*p. Determine o(p).
-14
Let k(i) = 8*i + 4. Let v(r) = 15*r + 7. Let b(n) = -5*k(n) + 3*v(n). Suppose 12 = -2*o + 2*a, o = 5*a - 4 + 6. Let t be -4 - (-76)/28 - o/28. Determine b(t).
-4
Let w(j) = -2*j**3 + 33*j**2 - 22*j + 92. Let n be w(16). Let s(r) = -9*r - 36. Determine s(n).
0
Let g(o) = -14*o**3 - 75*o**2 - 41*o + 37. Let i(m) = -19*m**3 - 101*m**2 - 55*m + 50. Let f(t) = -15*g(t) + 11*i(t). What is f(-13)?
34
Suppose b + 2 = r, -5*r + 8 + 14 = b. Suppose b*m - 7 = -5*v, 4 = 2*v + 2*v. Let n be 2/10*5*m. Let t(g) = -7*g. Determine t(n).
-7
Let i(x) be the second derivative of 3*x**2/2 - 14*x. Let q(s) = -1. Let p(w) = -2*i(w) - 5*q(w). Let l(z) = -z - 16. Let c(u) = l(u) - 6*p(u). Calculate c(-8).
-2
Let l(h) = -19*h**3 + 2*h**2 + 23*h + 3. Let z(o) = 54*o**3 - 6*o**2 - 65*o - 8. Let b(q) = -17*l(q) - 6*z(q). Calculate b(3).
-15
Let o(z) = z**2 + 10*z + 2. Let g(k) = k**3 + 41*k**2 - 29*k + 133. Let b be g(-42). Let h = b + 405. Determine o(h).
-14
Let k = -73 + 125. Let y = -55 + k. Let p(c) = c + 1. Let h(q) = -q - 1. Let i(s) = -4*h(s) - 3*p(s). Determine i(y).
-2
Suppose 12*r = 103 + 17. Suppose -2*c - 96 = -r*c. Let o(t) = -t**3 + 12*t**2 + t - 16. Give o(c).
-4
Let c(t) = -13*t - 6765. Let u(b) = -11*b - 5637. Let z(p) = 5*c(p) - 6*u(p). Let l(q) = 19*q**3. Let o be l(1). Let v = o - 11. Determine z(v).
5
Let s(j) be the third derivative of j**5/30 - 13*j**4/8 + 7*j**3/3 + 778*j**2. Give s(19).
-5
Let b(c) = 472927*c + 11*c**3 - 472863*c + 24 - 18*c**2 - 12*c**3. What is b(-21)?
3
Let d(c) = -c**3 + 30*c**2 - 3. Suppose 27*x + 29*x - 420 = 42*x. Give d(x).
-3
Let v(g) = g**2 - 4*g + 9. Let w = -26 - -83. Suppose -5*p + w = 4*k, -5*k - 49 = 4*p - 7*p. Suppose -2*y - m = -p, 0*y = -3*y + 4*m + 14. What is v(y)?
21
Let f(n) = 11*n - 8. Let s(b) = 9*b - 7. Let j(l) = -5*f(l) + 6*s(l). Let q(x) = 7*x + 9. Let k(z) = -6*j(z) - q(z). Let i = -4 + 6. Determine k(i).
1
Let u(c) be the second derivative of 12*c + 7/2*c**2 + 0 + 0*c**3 - 1/8*c**4. Let q(s) be the first derivative of u(s). What is q(-2)?
6
Suppose 3*o = -2*g - 10, -25 = 46*g - 41*g - 5*o. Let a(s) = -3*s - 28. Determine a(g).
-13
Let q(i) = i - 1. Suppose 23*a - 30*a - 140 = 0. Let g = a + 23. Suppose -6*t = -g*t. Calculate q(t).
-1
Let y be 15/10 + (9180/(-24))/(-9). Let s be 0/(2 - 0) + 6. Let f be y/s + 9/(-27). Let p(c) = c**3 - 7*c**2. Give p(f).
0
Let h(x) = x**3 + 11*x**2 + 25*x - 5. Let d = 9234 - 9241. What is h(d)?
16
Let n(u) be the third derivative of u**5/60 + u**4/6 - 2*u**2. Let v = 4992 - 4998. Calculate n(v).
12
Let t(l) = -47*l - 7158 + 7163 + 48*l. Determine t(-6).
-1
Let s be ((-16)/(-24))/(4/(-12)). Let y(w) = -335 + w**2 + 338 + 6*w - 3*w + 3*w. What is y(s)?
-5
Let v(w) be the second derivative of -w**5/60 - w**4/8 - 5*w**3/2 + w**2 + 70*w. Let d(l) be the second derivative of v(l). Calculate d(-5).
7
Let n(i) = -3*i - 52. Let t(u) = -9*u - 137. Let z(o) = 11*n(o) - 4*t(o). Determine z(8).
0
Let i(m) = 36*m**2 + 0 - 4*m - 8 + 49*m**2 + 3 - 93*m**2. Give i(-1).
-9
Let y(x) = -20*x**2 - 35*x + 21. Let f(t) = -7*t**2 - 12*t + 7. Let i(u) = -17*f(u) + 6*y(u). Suppose 5*w - p = -0*p - 27, -2*p + 13 - 29 = 0. Determine i(w).
0
Let h be 3/(42/280) - 10. Let p(g) = -g**2 + 7*g + 36. Calculate p(h).
6
Let s(h) = -2*h**2 + 2*h + 3. Let n(l) = 5*l**3 - 2*l**2 - 4*l - 7. Let b be n(3). Let x = b + -216. Let f = x + 116. What is s(f)?
-9
Suppose -6*u + u + 57 = -3*k, u = 7*k + 197. Let i(r) = r**3 + 27*r**2 - 59*r - 34. Calculate i(k).
-5
Let s(z) be the first derivative of 12*z**4 - z**2/2 + z + 409. Let m(r) = 6*r - 11. Let b be m(2). Calculate s(b).
48
Let m(o) be the first derivative of -o**4/4 + o**3 + 2*o**2 + 2*o + 2148. Determine m(3).
14
Let i(q) = -q**2 + 4*q - 13. Let p(l) = -85*l + 2216. Let k be p(26). Give i(k).
-25
Suppose -225*o - 49*o + 504 - 2148 = 0. Let p(x) = 4*x**3 + 2*x**3 - 2*x**3 + 5*x**2 - 9*x - 9 - 3*x**3. Determine p(o).
9
Suppose 5*c + 4*h - 155 = -78, -4*c - 5*h = -58. Let g(b) be the second derivative of -3*b**2 + 1/4*b**4 - c*b + 0 - 1/20*b**5 + 4/3*b**3. Determine g(5).
-16
Let b(x) = 4 + 3*x**2 + 9*x - 26*x + 6*x + 10 + 12*x. What is b(0)?
14
Let m(w) = -13*w + 10. Let n(r) = 126*r - 1890. Let k be n(15). Give m(k).
10
Let a(x) = -4*x**3 - x + 7. Let r(t) = -3*t**3 + t**2 + 6. Let j = 328 + -330. Let i(p) = j*a(p) + 3*r(p). Determine i(4).
-4
Let i(v) = 13*v**2 + v - 21. Let u(a) = 6*a**2 - 10. Let w(j) = -4*i(j) + 9*u(j). Let b(d) = 3*d**2 - 6*d - 10. Let n(l) = 3*b(l) - 5*w(l). Determine n(5).
-15
Suppose -36 + 0 = -6*b. Suppose -4*s - 2*i + 25 = -5*s, b = 3*i. Let m = -20 - s. Let r(y) = 4*y + 1. What is r(m)?
5
Let u(i) = i**3 + 2*i**2 + 43. Suppose -2*v + 188 = -4*y + 192, -v - 2*y = -2. What is u(v)?
43
Let o(y) be the second derivative of y**5/20 - 7*y**4/12 - y**3/3 + 5*y**2/2 - 2*y. Let f = 89747 - 89740. Determine o(f).
-9
Let q be (-92892)/30*(0 + -5). Let s(x) = -4*x + 37 - 15481*x**3 + q*x**3 + 3*x. What is s(0)?
37
Let c = -21697 + 21695. Let q(f) = 6*f + 7. Let v(u) = u**2 + 7*u + 8. Let y(d) = 3*q(d) - 2*v(d). Determine y(c).
-11
Let x(y) = -2*y**2 - 1. Suppose 14*p - 2 = 16*p. Let j(r) = 7*r**2 - 9*r - 6. Let c(w) = p*j(w) - 3*x(w). Determine c(10).
-1
Let g(x) be the first derivative of x**4/4 + 7*x - 2326. Let n = 3 + -4. Let u be 4/(-8) + n/(-2). Calculate g(u).
7
Let n(j) = 0 - 8 - 2 + 7 + 2*j**3 - 3*j**3 + 6*j**2 + 10*j. Calculate n(7).
18
Let w(f) = 6*f**2 - 58*f - 36. Let j(l) = 31*l**2 - 280*l - 181. Let v(z) = 2*j(z) - 11*w(z). Give v(20).
-6
Let o(c) be the second derivative of c**5/20 + 5*c**4/12 - c**3/3 + 23*c**2/2 - 1194*c. Give o(-6).
-1
Let a(k) = 3*k - 37. Let c 